In base 11, what is 28 + 28?
55
In base 6, what is -4302 - 0?
-4302
In base 16, what is 25 + -c?
19
In base 15, what is -3b84 - -2?
-3b82
In base 4, what is 0 - 130021?
-130021
In base 11, what is -1 - -30?
2a
In base 11, what is 28 + -1?
27
In base 3, what is -20000 - 10212?
-100212
In base 13, what is 6 + 2?
8
In base 10, what is 22 + 51?
73
In base 8, what is -21066 + 5?
-21061
In base 5, what is -32 + 12?
-20
In base 6, what is 213 + -140?
33
In base 7, what is 0 + 1501?
1501
In base 8, what is -105 - 10?
-115
In base 13, what is -2 - -46?
44
In base 12, what is 8b1 + 1?
8b2
In base 16, what is -85 + 5?
-80
In base 11, what is 12 + 380?
392
In base 15, what is -3 - -12e?
12b
In base 3, what is 10 - 1100?
-1020
In base 4, what is -2 + -30110?
-30112
In base 13, what is -1 - b4b?
-b4c
In base 6, what is 12 + 1330?
1342
In base 7, what is 30 - 154?
-124
In base 7, what is -4 - 2066?
-2103
In base 9, what is -3 + 210?
206
In base 4, what is 3 + -311?
-302
In base 6, what is 4340 + 4?
4344
In base 10, what is -297 + -4?
-301
In base 11, what is 284 - 2?
282
In base 5, what is -434 - 103?
-1042
In base 5, what is -13 - 24?
-42
In base 7, what is 3 - -144?
150
In base 15, what is -4 - -47?
43
In base 8, what is -1070 + -4?
-1074
In base 3, what is 21022112 - 12?
21022100
In base 2, what is -10110100 - 10110?
-11001010
In base 4, what is -3 - 31131?
-31200
In base 10, what is 17 - -11?
28
In base 2, what is -11111 - -10001000111?
10000101000
In base 12, what is 171 + -4?
169
In base 13, what is -c + 3?
-9
In base 2, what is -10 - -1101?
1011
In base 9, what is -132 - -1?
-131
In base 14, what is -13 + 1a?
7
In base 5, what is -1102031 - 1?
-1102032
In base 13, what is -2 + 34?
32
In base 4, what is -230 + 1301?
1011
In base 10, what is -5 + 5?
0
In base 4, what is -3 + 0?
-3
In base 10, what is -14689 - 3?
-14692
In base 2, what is 10 - -11000111?
11001001
In base 12, what is a + -8a?
-80
In base 12, what is 925b + -1?
925a
In base 11, what is -1a + -496?
-505
In base 7, what is -5 + 53?
45
In base 11, what is -2 - 103?
-105
In base 7, what is -52 - -63?
11
In base 9, what is -7 - 144?
-152
In base 3, what is 22102 - 1101?
21001
In base 6, what is 2431 - -4?
2435
In base 8, what is -5 + -271?
-276
In base 14, what is -2 + -16?
-18
In base 13, what is -14 + -a?
-21
In base 5, what is 3311 - -33?
3344
In base 15, what is 4d + 54?
a2
In base 14, what is -5 + 6b?
66
In base 6, what is -4 + 10?
2
In base 6, what is 10224 + -11?
10213
In base 4, what is -23 + 122?
33
In base 16, what is -20 + -9?
-29
In base 11, what is 4 - -16?
1a
In base 6, what is 3 + -5013?
-5010
In base 4, what is -10 + 122?
112
In base 10, what is 3 + -521?
-518
In base 2, what is 11 - 1101011111?
-1101011100
In base 5, what is 234224 + 4?
234233
In base 3, what is 22 + 121?
220
In base 12, what is -332 + -40?
-372
In base 3, what is -22 + -102122?
-102221
In base 14, what is 17 - -4?
1b
In base 5, what is 10 - 2442?
-2432
In base 2, what is -110100000 + 110?
-110011010
In base 3, what is 2121222 + -12?
2121210
In base 9, what is -1 + 43?
42
In base 9, what is 1 - 616?
-615
In base 10, what is 57 - 5?
52
In base 7, what is 1041 - 0?
1041
In base 15, what is -b - -17?
b
In base 3, what is -12 - -22?
10
In base 2, what is -1 + -110?
-111
In base 3, what is -101002 + -12?
-101021
In base 3, what is -10 + -1122?
-1202
In base 7, what is 1 - -256?
260
In base 13, what is 5 + -245?
-240
In base 5, what is 142 + -2?
140
In base 11, what is 5 - a3?
-99
In base 12, what is -46 - 151?
-197
In base 6, what is -3023 + 3?
-3020
In base 14, what is 34 - 2?
32
In base 13, what is 46 + -5?
41
In base 7, what is -11 + 23?
12
In base 14, what is -31a - -5?
-315
In base 5, what is -1304 + 33?
-1221
In base 7, what is -5 + 2320?
2312
In base 12, what is -14129 - -2?
-14127
In base 13, what is -7 - 167?
-171
In base 15, what is c845 - 2?
c843
In base 14, what is 45 - -a?
51
In base 2, what is 101010 + -11?
100111
In base 15, what is 228 + -20?
208
In base 11, what is -5a - -5?
-55
In base 13, what is -8 + 31?
26
In base 5, what is -40 + 32?
-3
In base 12, what is -4 - 212?
-216
In base 7, what is -104 - 5?
-112
In base 8, what is -17 + -231?
-250
In base 6, what is 3 - 320?
-313
In base 9, what is 4 + 70?
74
In base 14, what is -dc - -1?
-db
In base 14, what is 145 - -45?
18a
In base 13, what is 2 + -2bc?
-2ba
In base 16, what is 0 - 3?
-3
In base 14, what is -104 - -7?
-db
In base 16, what is -1 + 19?
18
In base 7, what is -1363 + 3?
-1360
In base 8, what is -360 + 41?
-317
In base 12, what is 4 + 22?
26
In base 5, what is -14 - -3?
-11
In base 4, what is 2 - -1221?
1223
In base 10, what is -131 + -3?
-134
In base 4, what is -123001 + 1?
-123000
In base 13, what is 11 - 507?
-4c6
In base 3, what is 1000211 - 0?
1000211
In base 5, what is 12 - 114?
-102
In base 6, what is 5232 - 0?
5232
In base 11, what is -1 - -a?
9
In base 2, what is -1111111 - 11?
-10000010
In base 14, what is 2d - -1d7?
226
In base 3, what is 12 - -2001112?
2001201
In base 5, what is 403 + 13?
421
In base 11, what is 0 - 181?
-181
In base 5, what is 11 - -210?
221
In base 8, what is -167 - 2?
-171
In base 2, what is 101 - 1101000?
-1100011
In base 16, what is -2 - 18?
-1a
In base 2, what is 11110 + -1110111?
-1011001
In base 7, what is 2 + 236?
241
In base 3, what is -2101 + 10010?
202
In base 6, what is -1354 - 4?
-1402
In base 8, what is -15 - -255?
240
In base 9, what is 1 - -25?
26
In base 12, what is -5 + -17?
-20
In base 6, what is -5 - 25005?
-25014
In base 12, what is 8 - 29?
-21
In base 3, what is 20 - 1221102?
-1221012
In base 6, what is 123014 - 1?
123013
In base 13, what is 5 - a5?
-a0
In base 12, what is -36 - -9?
-29
In base 11, what is -63 + 3?
-60
In base 5, what is -10 - -11443?
11433
In base 13, what is -201c - 1?
-2020
In base 5, what is 0 - 323?
-323
In base 12, what is b + 26?
35
In base 14, what is 0 + -75b?
-75b
In base 9, what is -1 + -6?
-7
In base 16, what is 17 + 9?
20
In base 16, what is -65 + -4?
-69
In base 2, what is 1001 - 101100010?
-101011001
In base 3, what is 0 + -2020?
-2020
In base 15, what is 223 - 0?
223
In base 8, what is 1613 + 2?
1615
In base 14, what is -4 + 4c9?
4c5
In base 2, what is 11011 - -11?
11110
In base 2, what is -1 + 11111?
11110
In base 7, what is 30406 + -2?
30404
In base 10, what is 628 - -1?
629
In base 14, what is 27d0 + -4?
27ca
In base 13, what is 0 + 893?
893
In base 12, what is -24 + 48?
24
In base 6, what is 222 + 121?
343
In base 10, what is -124 + -7?
-131
In base 9, what is -3 - -1373?
1370
In base 12, what is -93 - -33?
-60
In base 16, what is -5 - 108c?
-1091
In base 5, what is -10 + 21424?
21414
In base 16, what is -1ee + -5?
-1f3
In base 6, what is -3 + 1023?
1020
In base 16, what is 19 + 39?
52
In base 6, what is -5 - 31215?
-31224
In base 12, what is -28 - 10?
-38
In base 15, what is -cd - -4?
-c9
In base 3, what is 2110022 - -10?
2110102
In base 7, what is 31430 + 2?
31432
In base 16, what is -e - 7b6?
-7c4
In base 2, what is 110 + 10010111011?
10011000001
In base 2, what is -11 - 111011?
-111110
In base 2, what is -10110111000 + -101?
-10110111101
In base 6, what is 320 + 3?
323
In base 14, what is -117 - 10?
-127
In base 2, what is 101 - -11100100?
11101001
In base 10, what is 25 - 6?
19
In base 12, what is 8 + -145a?
-1452
In base 2, what is 10001000 + 11?
10001011
In base 2, what is 1110111011111 - 11?
1110111011100
In base 7, what is 15 - 15?
0
In base 13, what is -18 - 119?
-134
In base 12, what is 5 + -a3?
-9a
In base 2, what is 10101000000 + 100?
10101000100
In base 4, what is 121013 + 2?
121021
In base 10, what is 131 + -3?
128
In base 7, what is -4 + -135?
-142
In base 6, what is 551 - 12?
535
In base 2, what is 1011001 - -1?
1011010
In base 11, what is 426 - 4?
422
In base 3, what is 12 - 10102122?
-10102110
In base 14, what is -b - ac?
-b9
In base 11, what is -a + 321?
312
In base 14, what is 5 + 7c2?
7c7
In base 3, what is -12011 - -2?
-12002
In base 12, what is -2 - 14?
-16
In base 9, what is -76 - -15?
-61
In base 12, what is 4 - 4b8?
-4b4
In base 8, what is 1643 + 11?
1654
In base 13, what is 9c4 + 5?
9c9
In base 15, what is 14 - 3?
11
In base 2, what is 111111 - 1001101?
-1110
In base 15, what is -43 + 2?
-41
In base 4, what is -1 + -1